of l(a)?
4
Let y be 4080/(-36)*(-12)/10. Let o = y + -24. What is the hundreds digit of o?
1
What is the tens digit of 10/20*-233*-26?
2
Let j be 1/2 + 37/2. Let k = -17 + j. What is the tens digit of -41*2*(-1)/k?
4
Let j be (3 - -2) + -5 + 4. Suppose -j*a + 782 + 262 = 0. What is the units digit of a?
1
Let n = 23 + -35. Let q(f) = f**2 + 11*f - 9. Let v be q(n). What is the tens digit of (6/(-2))/(v/(-39))?
3
Let f be 35/2 - (-12)/(-8). Let h = 3 - f. Let z = h + 41. What is the units digit of z?
8
Let j(w) be the third derivative of w**5/60 + 3*w**4/8 - w**3 + 6*w**2. Let g be j(-7). Let f = g + 62. What is the tens digit of f?
4
Let c(n) = 16*n**2 + n + 3. Let p(q) = 24*q**2 + q + 4. Let m(d) = 7*c(d) - 5*p(d). Let r be m(-1). What is the units digit of (-60)/r - 8/12?
6
Let b = -100 - -103. Suppose 17*g = b*g + 1526. What is the tens digit of g?
0
Let x = 1796 - 418. What is the units digit of x?
8
Let z = 61 + -47. Suppose -2*k + 3*k = -a - 15, -4*a + 2*k - 30 = 0. Let g = z + a. What is the units digit of g?
4
Let m(v) = 38*v - 17. Let d(k) = -k**2 - 9*k - 10. Let u be d(-6). What is the hundreds digit of m(u)?
2
Let x be 3 + (4/(-1) + 7 - 1). Suppose 0 = -x*o + 3*d + 453, 5*d = -0*d - 5. What is the units digit of o?
0
Let d(l) = -4*l**3 + 21*l**2 - 2*l + 23. Let o(t) = -3*t**3 + 14*t**2 - t + 15. Let y(p) = 5*d(p) - 7*o(p). What is the units digit of y(-7)?
1
Suppose 7*z - 3*z = 12. What is the tens digit of (-2)/(12/(-603)) + z/6?
0
Suppose 89 = 2*t + p, 4*p - 8*p = -5*t + 203. What is the units digit of t/(-1)*(1 + -2)*1?
3
Let y(g) = -54*g + 164. What is the units digit of y(-10)?
4
Suppose 15 = -3*g + 6*g. Let n(f) be the third derivative of f**5/12 - 5*f**4/12 - 11*f**3/6 - 32*f**2. What is the units digit of n(g)?
4
Suppose 2*q - 4*s - 185 = q, -3*q - s = -490. What is the hundreds digit of q?
1
Suppose -6*u + 22 = 4. What is the units digit of u?
3
Let s(b) = -8*b**2 + 8*b - 14. Let d be s(3). Let i = 63 + d. What is the units digit of i?
1
Let w(l) = -217*l - 17. What is the tens digit of w(-12)?
8
Suppose 5*r + 5 = 40. Suppose r*v = -15 + 204. What is the tens digit of v?
2
Let b(g) = -g**2 + 13*g + 16. Let h be ((-25)/(-15))/(3/(-18)). Let y = 23 + h. What is the tens digit of b(y)?
1
Suppose -2*u + 14 + 4 = 0. Suppose -3*s + u = -2*i - 287, 104 = s - 2*i. What is the units digit of s?
6
Suppose 0 = 24*b - 21*b - 18. Suppose -6*m + 5*m = -b. Let d = m - 3. What is the units digit of d?
3
Suppose 1740 = 12*r - 60. What is the units digit of r?
0
Let s(t) = t**3 - 2*t**2 - 3*t. Suppose 2*r - 5*k - 16 = 0, -r + 11 = -5*k - 2. Let j be s(r). Suppose 0 = -j*l + l - 25. What is the tens digit of l?
2
Let l(q) be the first derivative of q**3/3 + q**2/2 + 58*q + 4. What is the units digit of l(0)?
8
Let d = 24 - 22. Suppose 5 = 5*u + s, -d*s - 4 = -3*u - u. What is the tens digit of 18 - u/(-3)*-9?
1
Let c(n) = n. Let d be c(0). Suppose 0 = -d*h - 2*h. Suppose 5*r - 5*b - 115 = 0, h = 4*r - 3*b - 122 + 32. What is the tens digit of r?
2
Let v(c) = -9*c + 10*c + 59 - c**3 + c**2 + 2*c**3. Let n be v(0). Let y = n + -41. What is the units digit of y?
8
Let k = 11 + -6. Suppose 0 = -k*l + 15, 2*r + 0*r - 2*l + 10 = 0. What is the tens digit of 27 + r + 2 + -5?
2
Suppose 0 = -6*v + v + 5*t + 80, 64 = 4*v + 4*t. Let f(p) = p + 5. Let z be f(-5). Suppose z*n = 2*n - v. What is the units digit of n?
8
Let b(v) = -44*v**2 - 2*v + 9. Let k(d) = -89*d**2 - 5*d + 17. Let i(u) = 7*b(u) - 4*k(u). What is the tens digit of i(1)?
4
Let s(q) = -4*q + 81. Let g be s(-19). What is the hundreds digit of (g/4)/(1/4)?
1
Suppose 0 = -5*t + 3*m + 295 + 291, -m - 592 = -5*t. What is the hundreds digit of t?
1
Let p(l) = l - 13 + 0*l + 12. Let m be p(5). Suppose 5*h - 41 = 3*z - z, 5*h - m*z - 37 = 0. What is the units digit of h?
9
Let p(h) be the first derivative of -15*h**2/2 - 3*h + 4. What is the tens digit of p(-6)?
8
Let b = -1405 - -2190. What is the units digit of b?
5
Suppose -19*l + 6*l + 4888 = 0. What is the tens digit of l?
7
Let y(u) = 3*u + 4. Let w(t) = 9*t + 11. Let j(r) = 2*w(r) - 7*y(r). Let d = -54 + 46. What is the units digit of j(d)?
8
Let m = 572 + 11. What is the units digit of m?
3
Let t = 21 + 47. Suppose c + t = 2*c. Let d = c + -11. What is the units digit of d?
7
Let i = 9076 + -6164. What is the thousands digit of i?
2
Let y(d) = d**3 - 9*d**2 + 9*d - 2. Let s be y(8). Suppose t - 85 = s*t. Let n = t + 55. What is the units digit of n?
8
Let a be ((-2559)/(-4))/((-15)/(-20)). Suppose 231 - a = -2*i. What is the units digit of i?
1
Let t = -1166 + 1904. What is the units digit of t?
8
Suppose -79 = -4*j - 5*z - 6, 65 = 5*j + z. Suppose 0 = y + 3*y - j. Suppose 0 = -y*n + 78 + 15. What is the tens digit of n?
3
Let o = 1010 - 704. Suppose o = 5*j + 3*t, t = -3*j + 2*t + 192. What is the units digit of j?
3
Let l be -3*(-4)/3 - 2. Suppose p - 35 = -3*o, -o - l*o + 31 = 2*p. Suppose r + 3*h = 5 + o, -59 = -3*r - 4*h. What is the units digit of r?
1
Suppose -2*o = -5*b - 47, 0 = o + 2*o - 5*b - 78. Let i = 54 - o. What is the tens digit of i?
2
Suppose -7*s + 117 = -3*s - 5*x, -2*s = 2*x - 54. Suppose -s = d - 3*d. Suppose 4*a = 2*a + d. What is the units digit of a?
7
Let f(w) = -w**2 - 6*w + 2. Let b be f(-4). Suppose -5*y + b = -5*v, -2*v - 2 = -y - 6*v. What is the units digit of y?
2
Let t(w) = 3*w**3 - 21*w**2 + w + 39. Let v(d) = 5*d**3 - 32*d**2 + d + 59. Let c(k) = 8*t(k) - 5*v(k). What is the tens digit of c(-9)?
7
Suppose 0 = 3*a - 2831 - 955. What is the thousands digit of a?
1
Let b(l) be the first derivative of 1/3*l**3 - l**2 - 4 + 2*l**4 + l. What is the units digit of b(1)?
8
Suppose 2*c - 115 = 25. What is the tens digit of c?
7
Let f(j) = -7*j - 21. Let g be f(-4). Suppose -3*i = -g*i + 468. What is the units digit of i?
7
Suppose 2*z + 2*z + 5*p - 1105 = 0, 3*z + 2*p - 827 = 0. Suppose 5*g + 0*g = z. What is the tens digit of g?
5
Let r = -264 - -646. What is the tens digit of r?
8
Suppose 5*f = 179 + 31. Let x = -25 + f. What is the units digit of x?
7
Suppose -5 = -3*n + 7, -3 = -5*v + 3*n. Let l(g) = 69*g - 27. What is the tens digit of l(v)?
8
Let r = -36 - -309. What is the tens digit of r?
7
Suppose 2*g - g = 0. Suppose 0 = u - g*u + 4*h - 53, -5*u + 3*h = -242. Suppose -4*p + 6*p - 5*l - 95 = 0, p - l = u. What is the tens digit of p?
5
Let c be (-255)/(-10)*(-4)/6. Let z = c + 21. Suppose z*f = -0*f + 44. What is the tens digit of f?
1
Suppose -54 = -u - 2*u. Let p = u - 10. What is the units digit of p?
8
What is the units digit of 1/(-5) - ((-88543)/65 + -2)?
4
Let n(k) = -k + 17 + 0 - 5*k + k**2 - 6. What is the units digit of n(13)?
2
Let x = 5250 + -3645. What is the tens digit of x?
0
Let v be ((-36)/(-8))/(1/2) - 4. Suppose -v*b = 6*n - 3*n - 217, -b = -5. What is the tens digit of n?
6
Let t be (-30)/(-10)*((-14)/6 - -1). What is the units digit of (-364)/t + (1 - 1)?
1
Let j(s) = -5*s**2 - 23*s + 14. Let o(f) = -3*f**2 - 11*f + 7. Let w(x) = -4*j(x) + 7*o(x). Let c be w(11). What is the tens digit of (3 + c/2)*2?
4
Let i = 3271 + -1664. What is the thousands digit of i?
1
Suppose -12660 = 22*k - 37*k. What is the units digit of k?
4
Let b = 19 + -14. Suppose 5*f - v - 185 = 0, -3*v = 4*f - b*v - 154. Let r = 81 - f. What is the units digit of r?
5
Suppose -19 = -z - 15. Suppose z*j = 86 - 46. What is the tens digit of j?
1
Let l(z) = -4*z + 1. Let y be l(1). Let b(h) be the third derivative of -h**6/120 + 5*h**4/24 + h**3/2 - 21*h**2. What is the tens digit of b(y)?
1
Suppose -3*t = -0 - 12. Let x be (-8 + t - -6) + 6. Suppose -x*u = 191 - 791. What is the units digit of u?
5
What is the hundreds digit of 40/70 + 787/7?
1
Let d = -330 + 531. What is the tens digit of d?
0
Suppose 17*o - 9712 = 13697. What is the tens digit of o?
7
Let f(m) = -m**2 - 4*m - 1. Let t be f(-3). Let j(h) = -t*h + 6 - 9*h - 5*h + h. What is the tens digit of j(-5)?
8
Suppose -13 = 4*f + 3. Let a(z) = -5 + z + 2*z + 0*z - 6*z. What is the units digit of a(f)?
7
Suppose w + 201 = 2*o, -5*w + 0*w + 117 = o. Suppose -o = -5*t + 63. What is the tens digit of t?
3
Suppose 6*j - 38 = 4*j. Suppose -p - 4*r + j = 0, p + p - 44 = -5*r. What is the units digit of p?
7
What is the units digit of (32/(-4) + 6)*547/(-2)?
7
L